).
6
Let u be 27 - 867/34 - (-33)/(-2). Let n(p) = -p**3 - 16*p**2 - 16*p - 31. Give n(u).
-16
Let l = 413 - 411. Suppose -l*f + 7 = 3, -2*v + 5*f = 14. Let u(t) = 10*t + 1. Determine u(v).
-19
Let d(p) = 4*p**2 + 26*p - 14. Let q(h) = -17*h**2 - 105*h + 55. Let s(c) = -21*d(c) - 5*q(c). Give s(21).
19
Let s(d) be the first derivative of d**3/3 - 5*d**2/2 - 5*d + 66120. Suppose -6*b = -2*b - 28. Determine s(b).
9
Let c(q) be the second derivative of q**5/20 - 23*q**4/12 + 7*q**3 - 7*q**2 + 513*q. Give c(21).
-14
Let l(t) = -26*t + 7693*t**2 - 6 + 31*t - 7692*t**2. Determine l(-7).
8
Let v(h) = h**2 + 25*h + 19. Suppose -10*b - 3*l = -6*b + 72, -87 = 3*b - 6*l. Calculate v(b).
-65
Let w = 104 - 102. Let z be -3 + w*(1/(-2) + 3). Let q(c) = 1 + c**z + 3*c - 1 + 1 - 5. What is q(-6)?
14
Let f(u) = 2*u**2 + 57*u + 30. Let t be f(-28). Let c(x) = -401*x**2 + 3 + 807*x**t + 0*x + 4*x - 407*x**2. Calculate c(-2).
-9
Suppose 3*d = -i + 31, -i = 5*d + 10 - 53. Let g(b) = -2*b**2 + 30*b - 39. What is g(i)?
13
Let t(r) = -8*r**3 + 6*r**2 - 24*r. Let k(v) = 3*v**3 - 3*v**2 + 13*v. Let n(g) = -5*k(g) - 2*t(g). Calculate n(-6).
-6
Let q(v) = v**2 + 8 + 60*v - 22 + 10 - 62*v. Determine q(4).
4
Let c(u) = 171*u**2 + 17*u - 170*u**2 - 16*u. Let l(z) = -3*z**2 - 2*z - 1. Let q(j) = -5*c(j) - 2*l(j). Calculate q(2).
4
Let s(m) be the third derivative of m**5/60 + m**4/24 + 19*m**3/6 - 2*m**2. Let k be -3 + ((-1)/(-4) - (-99)/36). Suppose k = -y - 71 + 71. Determine s(y).
19
Let b(o) be the third derivative of o**7/70 - o**6/360 + o**5/120 - 17*o**4/24 + 37*o**2. Let t(a) be the second derivative of b(a). What is t(1)?
35
Let x(t) be the second derivative of 11*t**5/10 - t**4/6 - t**3/6 + 16*t. Let c(l) = -1. Let d(p) = -p. Let r(f) = -3*c(f) + 2*d(f). Let m be r(2). Give x(m).
-23
Let b(d) = 3*d - 2. Suppose 3*f - 2*o = -2, 2*f - 5*o = -f - 5. Suppose u - p + 4*p = 7, f = 3*u + 2*p. Let v be u/11 + (-689)/143. What is b(v)?
-17
Let p(m) = 8*m + 42. Let c be p(-5). Let y(x) = -21520 + 21520 - 5*x**c - x. Determine y(1).
-6
Let v(p) = p**2 - 4*p + 4. Let c(y) = -3*y + 0 + 3 + 3*y**2 - 2*y**2. Suppose 15*d - 5*d - 20 - 40 = 0. Let u(k) = d*v(k) - 5*c(k). What is u(6)?
-9
Let d(v) be the third derivative of 5/24*v**4 - 1/3*v**3 - 50*v**2 + 0 + v - 1/60*v**5. What is d(4)?
2
Suppose c - 20 = -3*c. Let x(w) = -6 + 7 + 11*w - c*w - 4. Calculate x(2).
9
Let o(d) = -5*d + d**2 + d**3 - 4 + 0*d**3 + 0*d**3. Let v(k) = 7*k + 165. Let t be v(11). Let h = -245 + t. Calculate o(h).
-7
Suppose 20 = 10*n - 0. Let k(m) = -7*m**2 - 9*m + 1. Let s(f) = -13*f**2 - 16*f + 2. Let v(z) = -11*k(z) + 6*s(z). What is v(n)?
3
Let d(t) = -t**3 - t**2 + t - 4. Suppose -8*w + 14*w - 36 = 0. Suppose -m + w = -3. Suppose m*u - 12*u = 9. What is d(u)?
11
Let h be (-5)/(25/(-20)) + 6. Let c(y) = -53*y**2 + 54*y**2 - 11*y + 0 + 1. What is c(h)?
-9
Let c be (-7 - -7) + 5 + -2 + 0. Let x(u) be the first derivative of -u**4/2 + u**3 + 2*u**2 - 701. Give x(c).
-15
Let f(o) = -68*o - 12. Let a(r) = 159*r + 25. Let u(d) = 3*a(d) + 7*f(d). What is u(-7)?
-16
Suppose -110*a - 41*a = -453. Let g(w) = 27*w. Give g(a).
81
Let s(m) = m - 17. Let v(n) = -n**2 + 14*n + 18. Let h be v(15). Let u be (-9 + 9)*(-3)/h. Determine s(u).
-17
Let i(m) = 0*m**2 - 3*m**2 + 441183*m - 441181*m. What is i(-1)?
-5
Let f = -80 + 72. Let x(l) = 2*l**2 + 12*l + 35. Let g be x(f). Let m(b) = -b**2 - 35 + g - 34 - 2*b. Give m(-2).
-2
Let p(m) be the second derivative of -m**4/12 + m**3 + 3*m**2 - 2*m. Let k be (-2)/(-14) - (-1)/(14/26). Suppose -k*l + 8 = -2. Calculate p(l).
11
Let g(w) = -w**3 - 5*w**2 - 7*w - 12. Let d be 29 + -33 + 0/7. Determine g(d).
0
Let j(f) = f**3 - 11*f**2 - 9*f - 7. Let h(c) = -43*c + 97. Let i be h(-7). Let q = i + -386. Determine j(q).
29
Let i(w) = -w**3 + 8*w**2 - 6*w - 6. Suppose 3*d - 10 - 11 = 0. Let j be i(d). Let c(t) be the first derivative of -16*t**3/3 + t**2/2 - t - 3. Calculate c(j).
-16
Let o(y) = 6*y + 2. Let a be 5 - (-27 + 5 - -22). Calculate o(a).
32
Let v be (-7335)/1035 + (-4)/(-46). Let m be 68/10 + v/(-35). Let i(z) = 0*z + 8*z - z**2 - 2*z + 6. Calculate i(m).
-1
Let w = 22158 + -22161. Let o(t) = 4*t**3 - 4*t - 2. Calculate o(w).
-98
Let k(v) be the second derivative of v**4/12 - 8*v**3/3 + 79*v**2/2 - 6533*v. Give k(9).
16
Let n(d) be the second derivative of d**4/12 - 2*d**3/3 - 5*d**2/2 - 53*d - 17. Let t = 2 - -1. Suppose 16 = 4*s + 2*v, -12 = s - 4*s + t*v. Calculate n(s).
-5
Let p(g) = g + g**3 + 2*g**2 - 1 + g**3 - 3*g**3. Suppose 0 = 9*v - 641 - 43. Suppose -71*b - 5 = -v*b. Calculate p(b).
1
Let z be -4 - -7 - (-1 + 2). Let k(t) = -2*t**2 - 329 + t**z + 332. Suppose -w = -v + 6, v = 3*w + 4 + 8. Determine k(w).
-6
Let c(p) = -486*p - 1922. Let z be c(-4). Let w(t) = -9*t + 180. Give w(z).
-18
Let u(f) = -f**2 - f - 3. Let g(t) = 3*t**2 + 2*t + 7. Let q(b) = -2*g(b) - 5*u(b). Suppose -86*x - 36 = -74*x. What is q(x)?
-11
Suppose -3*f + 224 = 2*y, 5*y - y = -4*f + 448. Let z = 117 - y. Let w(c) = -4*c - c**3 + z*c**2 + 3*c**3 - 3*c**3 + 7*c. What is w(5)?
15
Suppose 5*j = -4 - 16. Let f(x) = -3 + 2015*x**3 - 6*x**2 - 4087*x**3 + 2071*x**3 - 6*x. Determine f(j).
-11
Let r(s) = 4*s - 3*s + 0*s**3 + 7*s**3 + 0*s + 0*s - 4. Determine r(2).
54
Let q(b) be the third derivative of b**4/24 + 2*b**3/3 - 19*b**2. What is q(-5)?
-1
Let j = -380 + 386. Suppose 5*h - 5*y = -20, -j*y + 10*y + 12 = -3*h. Let q(p) = p**3 + 4*p**2 - 2*p - 3. Calculate q(h).
5
Let t = -3228 - -3232. Let w(s) = -19*s + 68. Give w(t).
-8
Let y(x) be the first derivative of -3*x**2/2 + 3*x + 110. Let z(g) = 8*g - 11. Let u(c) = 17*y(c) + 6*z(c). What is u(-6)?
3
Let t(l) = -l**3 - 3*l**2 + 3*l + 7. Let b be -6*(-3)/36*10. Suppose -7 = -y + b*f, y - f = -0 - 1. Calculate t(y).
-2
Suppose 4*x - 2*v - 65 = -3*v, -4*x = -3*v - 77. Suppose -x*j + 8 = -13*j. Let o(u) = 9 + 3*u**j - 7*u**2 + 5*u**2 - 2*u - 6*u. Give o(7).
2
Let m(d) = -21*d - 88. Suppose -11*w + 31 = 75. Let r be m(w). Let j(a) be the first derivative of a**4/4 + 5*a**3/3 + 7*a**2/2 + 6*a + 5. Determine j(r).
-6
Let q(s) be the second derivative of -7 + 2*s**2 + 1/20*s**5 + 5/6*s**3 + 19*s - 2/3*s**4. Let i(v) = 7*v**3 - v**2 + 1. Let y be i(1). What is q(y)?
-10
Let p = -37 - -49. Suppose -19 = -3*i - 2*d, 3*d - d - 10 = 0. Suppose -i*b + 0 = p. Let l(n) = n**3 + 3*n**2 - 4*n - 2. What is l(b)?
-2
Let m(g) be the second derivative of g**5/20 + g**4 + 7*g**2/2 - 305*g. What is m(-12)?
7
Let z(c) be the first derivative of -c**4/4 + c**3/3 + 3*c**2/2 - 3*c - 1374. Let p(h) = h**2 - 3*h + 2. Suppose 11*j + 6 = 13*j. Let g be p(j). Give z(g).
-1
Let k(t) = -8*t**2 + 1 - t + 6*t**2 - 3*t**2 + 6*t**2. Suppose 0 = -3*d - 3*d. Suppose a + 2*b + 2 = d, 3*a - b + 5 = -6*b. What is k(a)?
1
Let l(w) = 9*w**2 + 66*w - 12. Let d(k) = -5*k**2 - 35*k + 6. Let y(m) = -11*d(m) - 6*l(m). Let f(h) = -h**2 + 13*h - 20. Let n be f(10). Determine y(n).
-4
Let h(q) = 8*q. Let v(m) = -28*m - 25. Let o(f) = -3*h(f) - v(f). What is o(-10)?
-15
Let l(n) = 54*n + 338. Let t(d) = 51*d + 328. Let w(o) = -6*l(o) + 4*t(o). Give w(-6).
4
Let k(v) = v**3 - 6*v**2 + 8*v - 7. Let p be k(5). Let d(j) = 9*j + 15. Let q be d(0). Let l(n) = 1 - 4 - 9*n - p*n + q*n. Determine l(-2).
1
Let b(j) = 41*j**2 + 3*j - 9. Let u be b(-4). Let q(o) = -o**3 - 10*o**2 + o - u + 639 + o**2. Determine q(-9).
-5
Let m(o) be the first derivative of 172 + 4500*o - 4501*o + 5*o**2 + 34. What is m(3)?
29
Let k(m) = 6*m + 18. Let l(v) = 30 - 66 - 6*v - 7*v. Let i(s) = 5*k(s) + 2*l(s). Let f be i(-6). Let c(q) = q**3 + 7*q**2 + 6*q - 8. What is c(f)?
-8
Let i(k) = 6*k + 60571 - 60592 + 0*k. What is i(-3)?
-39
Suppose -9*d + 10 + 21 + 32 = 0. Let q(t) = -8 - 12*t - 5*t**2 + 3*t - 4*t. Let p(l) = 9*l**2 + 25*l + 16. Let y(f) = 6*p(f) + 11*q(f). Give y(d).
8
Let a(d) be the second derivative of d**5/20 + d**4/2 - d**3/6 + d**2 + 51987*d. Let g be (-94)/18 - (-6)/27. What is a(g)?
32
Let y = 507 + -498. Let t(g) = g**3 - 10*g**2 + 4*g + 18. Give t(y).
-27
Let r = 178 - 166. Let y(z) = -14 + z + r - 8*z**2 - z**3 + 15*z**2. Suppose 2*j - 4 = -2*w, 2*w - 11 = -3*j - 0*w. Calculate y(j).
5
Let p(n) = -3*n - 4. Let x = 16 - 11. Suppose 3*m - m - u + 5 = 0, -u = m - x. Suppose m = -2*o - 1 - 5. What is p(o)?
5
L